8.
2, 269, 571
What are the prime factors of 594992?
2, 41, 907
List the prime factors of 923657.
7, 23, 5737
List the prime factors of 6795241.
641, 10601
What are the prime factors of 9181075?
5, 367243
What are the prime factors of 5003558?
2, 7, 23, 41, 379
List the prime factors of 7646617.
11, 17, 103, 397
What are the prime factors of 37109?
43, 863
List the prime factors of 194035.
5, 151, 257
List the prime factors of 3868866.
2, 3, 59, 3643
What are the prime factors of 204849?
3, 281
What are the prime factors of 2232674?
2, 1116337
List the prime factors of 36959.
13, 2843
What are the prime factors of 1414842?
2, 3, 11, 13, 17, 97
What are the prime factors of 18914?
2, 7, 193
List the prime factors of 516817.
7, 17, 43, 101
What are the prime factors of 8306152?
2, 1038269
What are the prime factors of 87496?
2, 10937
List the prime factors of 3596777.
3596777
List the prime factors of 4156116.
2, 3, 47, 7369
List the prime factors of 332989.
332989
What are the prime factors of 1917424?
2, 119839
What are the prime factors of 233349?
3, 77783
List the prime factors of 2386312.
2, 313, 953
List the prime factors of 14143374.
2, 3, 7, 112249
What are the prime factors of 176635?
5, 35327
List the prime factors of 265833.
3, 29537
What are the prime factors of 249822?
2, 3, 13879
List the prime factors of 2438428.
2, 609607
List the prime factors of 781080.
2, 3, 5, 23, 283
What are the prime factors of 16719551?
17, 23, 61, 701
List the prime factors of 1217225.
5, 181, 269
What are the prime factors of 38275?
5, 1531
List the prime factors of 4558319.
4558319
List the prime factors of 2342560.
2, 5, 11
List the prime factors of 257112.
2, 3, 3571
What are the prime factors of 1320715?
5, 11, 37, 59
List the prime factors of 3171431.
3171431
List the prime factors of 218786.
2, 139, 787
What are the prime factors of 516620?
2, 5, 13, 1987
What are the prime factors of 24871262?
2, 13, 956587
What are the prime factors of 464874?
2, 3, 77479
What are the prime factors of 163449?
3, 11, 13, 127
What are the prime factors of 12819836?
2, 17, 188527
What are the prime factors of 1781978?
2, 11, 107, 757
List the prime factors of 670431.
3, 199, 1123
What are the prime factors of 42631?
89, 479
List the prime factors of 466440.
2, 3, 5, 13, 23
What are the prime factors of 1952176?
2, 122011
List the prime factors of 379522.
2, 11, 13, 1327
List the prime factors of 9400506.
2, 3, 1566751
What are the prime factors of 6707674?
2, 23, 145819
List the prime factors of 1108238.
2, 173, 3203
List the prime factors of 1677994.
2, 47, 17851
List the prime factors of 715545.
3, 5, 15901
What are the prime factors of 229869?
3, 25541
What are the prime factors of 31340703?
3, 10446901
List the prime factors of 1006201.
7, 143743
What are the prime factors of 699756?
2, 3, 58313
What are the prime factors of 6355667?
6355667
What are the prime factors of 1557484?
2, 401, 971
List the prime factors of 8077098.
2, 3, 1346183
What are the prime factors of 84151?
19, 43, 103
List the prime factors of 255257.
47, 5431
What are the prime factors of 2591625?
3, 5, 6911
What are the prime factors of 451373?
13, 34721
What are the prime factors of 1432801?
1432801
What are the prime factors of 33235?
5, 17, 23
List the prime factors of 4672774.
2, 257, 9091
What are the prime factors of 46299?
3, 11, 23, 61
What are the prime factors of 1001191?
1001191
List the prime factors of 28840047.
3, 9613349
What are the prime factors of 17186392?
2, 1123, 1913
What are the prime factors of 3400688?
2, 23, 9241
List the prime factors of 74923.
74923
What are the prime factors of 972686?
2, 11, 13, 19, 179
What are the prime factors of 6216745?
5, 1243349
What are the prime factors of 583541?
7, 11909
List the prime factors of 21242322.
2, 3, 827, 1427
What are the prime factors of 9199252?
2, 41, 56093
What are the prime factors of 30653820?
2, 3, 5, 170299
What are the prime factors of 8598086?
2, 7, 47, 73, 179
List the prime factors of 1099663.
19, 31, 1867
What are the prime factors of 28498686?
2, 3, 4749781
List the prime factors of 1312897.
173, 7589
List the prime factors of 1729356.
2, 3, 211, 683
What are the prime factors of 1157530?
2, 5, 11, 17, 619
List the prime factors of 923101.
53, 17417
What are the prime factors of 6132882?
2, 3, 7, 146021
What are the prime factors of 5450803?
37, 147319
What are the prime factors of 825032?
2, 13, 7933
What are the prime factors of 15824809?
7, 11, 13, 15809
What are the prime factors of 1223238?
2, 3, 203873
What are the prime factors of 86152?
2, 11, 89
List the prime factors of 203377.
29, 7013
What are the prime factors of 22529648?
2, 257, 5479
What are the prime factors of 567919?
11, 17, 3037
List the prime factors of 67155.
3, 5, 11, 37
List the prime factors of 1823509.
23, 79283
List the prime factors of 12248.
2, 1531
What are the prime factors of 396626?
2, 198313
List the prime factors of 5104337.
7, 729191
What are the prime factors of 432587?
432587
What are the prime factors of 1080184?
2, 7, 19289
What are the prime factors of 166801?
19, 8779
What are the prime factors of 1962540?
2, 3, 5, 10903
List the prime factors of 11036624.
2, 689789
List the prime factors of 166444.
2, 41611
What are the prime factors of 462018?
2, 3, 77003
What are the prime factors of 2222815?
5, 7, 41, 1549
List the prime factors of 1350846.
2, 3, 7, 71, 151
What are the prime factors of 3229714?
2, 53, 30469
What are the prime factors of 2624931?
3, 53, 5503
What are the prime factors of 10125117?
3, 1125013
List the prime factors of 3042461.
3042461
What are the prime factors of 8212361?
613, 13397
List the prime factors of 3833124.
2, 3, 319427
What are the prime factors of 7569054?
2, 3, 420503
What are the prime factors of 2567225?
5, 29, 3541
What are the prime factors of 7442059?
103, 72253
What are the prime factors of 554284?
2, 138571
What are the prime factors of 14331127?
379, 37813
List the prime factors of 321051.
3, 103, 1039
List the prime factors of 40838.
2, 7, 2917
What are the prime factors of 385398?
2, 3, 13, 61
List the prime factors of 7451328.
2, 3, 197
What are the prime factors of 1604768?
2, 11, 47, 97
List the prime factors of 1534845.
3, 5, 13, 17, 463
What are the prime factors of 2950269?
3, 7, 37, 3797
What are the prime factors of 4817321?
449, 10729
What are the prime factors of 250649?
7, 61, 587
What are the prime factors of 12860180?
2, 5, 643009
List the prime factors of 1253013.
3, 417671
List the prime factors of 159300.
2, 3, 5, 59
What are the prime factors of 1736951?
1736951
List the prime factors of 3008922.
2, 3, 7, 31, 2311
What are the prime factors of 221114?
2, 110557
What are the prime factors of 6294328?
2, 137, 5743
List the prime factors of 8928061.
83, 263, 409
List the prime factors of 5536198.
2, 223, 12413
What are the prime factors of 7236627?
3, 2412209
List the prime factors of 67121.
67121
List the prime factors of 8655636.
2, 3, 11, 23, 2851
List the prime factors of 202058.
2, 31, 3259
What are the prime factors of 1591188?
2, 3, 97, 1367
List the prime factors of 890937.
3, 98993
List the prime factors of 24601495.
5, 4920299
What are the prime factors of 154407?
3, 11, 4679
What are the prime factors of 1796731?
97, 18523
What are the prime factors of 6672123?
3, 741347
What are the prime factors of 1698256?
2, 7, 59, 257
What are the prime factors of 1766?
2, 883
What are the prime factors of 8128695?
3, 5, 149, 3637
List the prime factors of 403691.
499, 809
What are the prime factors of 8353836?
2, 3, 232051
What are the prime factors of 7601155?
5, 23, 157, 421
List the prime factors of 207737.
293, 709
What are the prime factors of 6894889?
643, 10723
List the prime factors of 6089820.
2, 3, 5, 11, 9227
What are the prime factors of 613918?
2, 127, 2417
What are the prime factors of 249858?
2, 3, 7, 661
List the prime factors of 683656.
2, 97, 881
List the prime factors of 766351.
31, 59, 419
What are the prime factors of 1117589?
11, 101599
What are the prime factors of 3538208?
2, 110569
List the prime factors of 434110.
2, 5, 43411
What are the prime factors of 7057981?
7, 67, 101, 149
What are the prime factors of 26305914?
2, 3, 53